{"id":25579,"date":"2015-12-16T14:39:25","date_gmt":"2015-12-16T14:39:25","guid":{"rendered":"http:\/\/democontent.codex-themes.com\/thegem-creative-shop\/?p=13027"},"modified":"2024-11-25T17:59:11","modified_gmt":"2024-11-25T17:59:11","slug":"privacy-statement-eu","status":"publish","type":"page","link":"https:\/\/farbel.it\/de\/privacy-statement-eu\/","title":{"rendered":"Datenschutzerkl\u00e4rung (EU)"},"content":{"rendered":"<!-- Legal document generated by Complianz | GDPR\/CCPA Cookie Consent https:\/\/wordpress.org\/plugins\/complianz-gdpr -->\n<div id=\"cmplz-document\" class=\"cmplz-document privacy-statement cmplz-document-eu\"><p><i>This privacy statement was last updated on November 25, 2024 and applies to citizens and legal permanent residents of the European Economic Area and Switzerland.<\/i><br \/><br \/><\/p><p><p>In dieser Datenschutzerkl\u00e4rung erl\u00e4utern wir, was wir mit den Daten tun, die wir \u00fcber Sie erhalten <a href=\"https:\/\/farbel.it\/de\">https:\/\/farbel.it\/de<\/a>. Wir empfehlen Ihnen, diese Erkl\u00e4rung sorgf\u00e4ltig zu lesen. Bei unserer Verarbeitung beachten wir die Anforderungen der Datenschutzgesetze. Das bedeutet unter anderem:<\/p><ul>\n                <li>Wir geben klar an, zu welchen Zwecken wir personenbezogene Daten verarbeiten. Wir tun dies mittels dieser Datenschutzerkl\u00e4rung;<\/li>\n                <li>Wir sind bestrebt, die Erhebung personenbezogener Daten auf die f\u00fcr legitime Zwecke erforderlichen personenbezogenen Daten zu beschr\u00e4nken.<\/li>\n                <li>Wir bitten Sie zun\u00e4chst um Ihre ausdr\u00fcckliche Einwilligung zur Verarbeitung Ihrer personenbezogenen Daten in F\u00e4llen, in denen Ihre Einwilligung erforderlich ist;<\/li>\n                <li>Wir ergreifen angemessene Sicherheitsma\u00dfnahmen zum Schutz Ihrer personenbezogenen Daten und verlangen dies auch von Parteien, die personenbezogene Daten in unserem Auftrag verarbeiten.<\/li>\n                <li>Wir respektieren Ihr Recht, auf Ihre pers\u00f6nlichen Daten zuzugreifen oder diese auf Ihren Wunsch korrigieren oder l\u00f6schen zu lassen.<\/li>\n            <\/ul><p>Wenn Sie Fragen haben oder genau wissen m\u00f6chten, welche Daten wir von Ihnen speichern, kontaktieren Sie uns bitte.<\/p><\/p><h2>1. Zweck, Daten und Aufbewahrungsfrist<\/h2>Wir k\u00f6nnen personenbezogene Daten f\u00fcr eine Reihe von Zwecken im Zusammenhang mit unserer Gesch\u00e4ftst\u00e4tigkeit sammeln oder erhalten, darunter die folgenden: (zum Vergr\u00f6\u00dfern anklicken)<details class=\"cmplz-dropdown dropdown-privacy-statement\"><summary><div><h3>1.1 Kontakt \u2013 Per Telefon, Post, E-Mail und\/oder Webformulare<\/h3><\/div><\/summary><p class=\"cmplz-subtitle\">Zu diesem Zweck verwenden wir folgende Daten:<\/p><p><ul><li>Eine E-Mail-Adresse<\/li><li>Ein Vor- und Nachname<\/li><li>Kontoname oder Alias<\/li><li>Eine Telefonnummer<\/li><\/ul><\/p><p class=\"cmplz-subtitle\">Die Grundlage, auf der wir diese Daten verarbeiten d\u00fcrfen, ist:<\/p><p><a target=\"_blank\" rel=\"noopener noreferrer nofollow\" href=\"https:\/\/cookiedatabase.org\/legal-bases\/#consent\">Bei Erteilung der Einwilligung.<\/a><\/p><p class=\"cmplz-subtitle\">Aufbewahrungsfrist<\/p><p>Wir bewahren diese Daten bis zur Beendigung des Dienstes auf.<\/p><\/details><h2>2. Cookies<\/h2><p>Unsere Website verwendet Cookies. Weitere Informationen zu Cookies finden Sie in unserer <a href=\"https:\/\/farbel.it\/de\/cookie-policy-eu\/\">Cookie-Richtlinie<\/a>.&nbsp;<\/p><h2>3. Offenlegungspraktiken<\/h2><p><p>Wir geben personenbezogene Daten weiter, wenn wir gesetzlich oder durch einen Gerichtsbeschluss dazu verpflichtet sind, als Reaktion auf eine Strafverfolgungsbeh\u00f6rde, soweit dies nach anderen gesetzlichen Bestimmungen zul\u00e4ssig ist, um Informationen bereitzustellen oder f\u00fcr eine Untersuchung in einer Angelegenheit im Zusammenhang mit der \u00f6ffentlichen Sicherheit.<\/p><p>Wenn unsere Website oder Organisation \u00fcbernommen, verkauft oder an einer Fusion oder \u00dcbernahme beteiligt wird, werden Ihre Daten m\u00f6glicherweise an unsere Berater und potenzielle K\u00e4ufer weitergegeben und an die neuen Eigent\u00fcmer weitergegeben.<\/p><\/p><p>Wir haben mit Google einen Vertrag zur Datenverarbeitung abgeschlossen.<\/p><p>Google darf die Daten nicht f\u00fcr andere Google-Dienste nutzen.<\/p><p>Die Erfassung vollst\u00e4ndiger IP-Adressen wird von uns blockiert.<\/p><h2>4. Sicherheit<\/h2><p>Wir sind der Sicherheit personenbezogener Daten verpflichtet. Wir ergreifen geeignete Sicherheitsma\u00dfnahmen, um den Missbrauch und den unbefugten Zugriff auf personenbezogene Daten zu begrenzen. Dadurch wird sichergestellt, dass nur die erforderlichen Personen Zugriff auf Ihre Daten haben, der Zugriff auf die Daten gesch\u00fctzt ist und unsere Sicherheitsma\u00dfnahmen regelm\u00e4\u00dfig \u00fcberpr\u00fcft werden.<\/p><h2>5. Websites Dritter<\/h2><p>Diese Datenschutzerkl\u00e4rung gilt nicht f\u00fcr Websites Dritter, die \u00fcber Links auf unserer Website verlinkt sind. Wir k\u00f6nnen nicht garantieren, dass diese Dritten zuverl\u00e4ssig und sicher mit Ihren personenbezogenen Daten umgehen. Wir empfehlen Ihnen, die Datenschutzerkl\u00e4rungen dieser Websites zu lesen, bevor Sie diese Websites nutzen.<\/p><h2>6. \u00c4nderungen dieser Datenschutzerkl\u00e4rung<\/h2><p>Wir behalten uns das Recht vor, \u00c4nderungen an dieser Datenschutzerkl\u00e4rung vorzunehmen. Es wird empfohlen, diese Datenschutzerkl\u00e4rung regelm\u00e4\u00dfig einzusehen, um \u00fcber etwaige \u00c4nderungen informiert zu sein. Dar\u00fcber hinaus werden wir Sie, wo immer m\u00f6glich, aktiv informieren.<\/p><h2>7. Zugriff auf und \u00c4nderung Ihrer Daten<\/h2><p>Wenn Sie Fragen haben oder wissen m\u00f6chten, welche personenbezogenen Daten wir \u00fcber Sie haben, kontaktieren Sie uns bitte. Sie k\u00f6nnen uns \u00fcber die untenstehenden Informationen kontaktieren. Sie haben folgende Rechte:<\/p><ul>\n                <li>Sie haben das Recht zu erfahren, warum Ihre personenbezogenen Daten ben\u00f6tigt werden, was mit ihnen geschieht und wie lange sie gespeichert werden.<\/li>\n                <li>Auskunftsrecht: Sie haben das Recht auf Auskunft \u00fcber Ihre uns bekannten personenbezogenen Daten.<\/li>\n                <li>Recht auf Berichtigung: Sie haben jederzeit das Recht auf Erg\u00e4nzung, Berichtigung, L\u00f6schung oder Sperrung Ihrer personenbezogenen Daten.<\/li>\n                <li>Wenn Sie uns eine Einwilligung zur Verarbeitung Ihrer Daten erteilen, haben Sie das Recht, diese Einwilligung zu widerrufen und Ihre personenbezogenen Daten l\u00f6schen zu lassen.<\/li>\n                <li>Recht auf \u00dcbermittlung Ihrer Daten: Sie haben das Recht, alle Ihre personenbezogenen Daten vom Verantwortlichen anzufordern und diese vollst\u00e4ndig an einen anderen Verantwortlichen zu \u00fcbertragen.<\/li>\n                <li>Widerspruchsrecht: Sie k\u00f6nnen der Verarbeitung Ihrer Daten widersprechen. Wir halten uns daran, es sei denn, es liegen berechtigte Gr\u00fcnde f\u00fcr die Verarbeitung vor.<\/li>\n            <\/ul><p>Bitte geben Sie stets klar an, wer Sie sind, damit wir sicher sein k\u00f6nnen, dass wir keine Daten der falschen Person ver\u00e4ndern oder l\u00f6schen.<\/p><h2>8. Einreichen einer Beschwerde<\/h2><p>Wenn Sie mit der Art und Weise, wie wir mit der Verarbeitung Ihrer personenbezogenen Daten umgehen (eine Beschwerde dar\u00fcber) nicht zufrieden sind, haben Sie das Recht, eine Beschwerde bei der Datenschutzbeh\u00f6rde einzureichen.<\/p><h2>9. Kontaktdaten<\/h2><p>Belotti srl<br \/>\n        Via Consulare 41<br \/>\n25030 Erbusco (BS)<br \/>\n        Italien<br \/>\n        Webseite: <a href=\"https:\/\/farbel.it\/de\">https:\/\/farbel.it\/de<\/a> <br \/>\n        Email: i&#110;fo&#064;&#102;ar&#098;el&#046;&#099;o&#109; <br \/>\n        <\/p><\/div>","protected":false},"excerpt":{"rendered":"<p>Lorem Ipsum. Proin gravida nibh vel velit auctor aliquet. Aenean willicitudin, lorem quis bibendum auctor, nisi elit consequat ipsum, nec sagittis sem nibh id elit. <\/p>","protected":false},"author":1,"featured_media":0,"parent":0,"menu_order":0,"comment_status":"open","ping_status":"open","template":"","meta":{"footnotes":""},"class_list":["post-25579","page","type-page","status-publish"],"_links":{"self":[{"href":"https:\/\/farbel.it\/de\/wp-json\/wp\/v2\/pages\/25579","targetHints":{"allow":["GET"]}}],"collection":[{"href":"https:\/\/farbel.it\/de\/wp-json\/wp\/v2\/pages"}],"about":[{"href":"https:\/\/farbel.it\/de\/wp-json\/wp\/v2\/types\/page"}],"author":[{"embeddable":true,"href":"https:\/\/farbel.it\/de\/wp-json\/wp\/v2\/users\/1"}],"replies":[{"embeddable":true,"href":"https:\/\/farbel.it\/de\/wp-json\/wp\/v2\/comments?post=25579"}],"version-history":[{"count":2,"href":"https:\/\/farbel.it\/de\/wp-json\/wp\/v2\/pages\/25579\/revisions"}],"predecessor-version":[{"id":25585,"href":"https:\/\/farbel.it\/de\/wp-json\/wp\/v2\/pages\/25579\/revisions\/25585"}],"wp:attachment":[{"href":"https:\/\/farbel.it\/de\/wp-json\/wp\/v2\/media?parent=25579"}],"curies":[{"name":"wp","href":"https:\/\/api.w.org\/{rel}","templated":true}]}}

Datenschutzerklärung (EU)

<!-- Legal document generated by Complianz | GDPR/CCPA Cookie Consent https://wordpress.org/plugins/complianz-gdpr -->
<div id="cmplz-document" class="cmplz-document privacy-statement cmplz-document-eu"><p><i>This privacy statement was last updated on November 25, 2024 and applies to citizens and legal permanent residents of the European Economic Area and Switzerland.</i><br /><br /></p><p><p>In dieser Datenschutzerklärung erläutern wir, was wir mit den Daten tun, die wir über Sie erhalten <a href="https://farbel.it/de">https://farbel.it/de</a>. Wir empfehlen Ihnen, diese Erklärung sorgfältig zu lesen. Bei unserer Verarbeitung beachten wir die Anforderungen der Datenschutzgesetze. Das bedeutet unter anderem:</p><ul>
                <li>Wir geben klar an, zu welchen Zwecken wir personenbezogene Daten verarbeiten. Wir tun dies mittels dieser Datenschutzerklärung;</li>
                <li>Wir sind bestrebt, die Erhebung personenbezogener Daten auf die für legitime Zwecke erforderlichen personenbezogenen Daten zu beschränken.</li>
                <li>Wir bitten Sie zunächst um Ihre ausdrückliche Einwilligung zur Verarbeitung Ihrer personenbezogenen Daten in Fällen, in denen Ihre Einwilligung erforderlich ist;</li>
                <li>Wir ergreifen angemessene Sicherheitsmaßnahmen zum Schutz Ihrer personenbezogenen Daten und verlangen dies auch von Parteien, die personenbezogene Daten in unserem Auftrag verarbeiten.</li>
                <li>Wir respektieren Ihr Recht, auf Ihre persönlichen Daten zuzugreifen oder diese auf Ihren Wunsch korrigieren oder löschen zu lassen.</li>
            </ul><p>Wenn Sie Fragen haben oder genau wissen möchten, welche Daten wir von Ihnen speichern, kontaktieren Sie uns bitte.</p></p><h2>1. Zweck, Daten und Aufbewahrungsfrist</h2>Wir können personenbezogene Daten für eine Reihe von Zwecken im Zusammenhang mit unserer Geschäftstätigkeit sammeln oder erhalten, darunter die folgenden: (zum Vergrößern anklicken)<details class="cmplz-dropdown dropdown-privacy-statement"><summary><div><h3>1.1 Kontakt – Per Telefon, Post, E-Mail und/oder Webformulare</h3></div></summary><p class="cmplz-subtitle">Zu diesem Zweck verwenden wir folgende Daten:</p><p><ul><li>Eine E-Mail-Adresse</li><li>Ein Vor- und Nachname</li><li>Kontoname oder Alias</li><li>Eine Telefonnummer</li></ul></p><p class="cmplz-subtitle">Die Grundlage, auf der wir diese Daten verarbeiten dürfen, ist:</p><p><a target="_blank" rel="noopener noreferrer nofollow" href="https://cookiedatabase.org/legal-bases/#consent">Bei Erteilung der Einwilligung.</a></p><p class="cmplz-subtitle">Aufbewahrungsfrist</p><p>Wir bewahren diese Daten bis zur Beendigung des Dienstes auf.</p></details><h2>2. Cookies</h2><p>Unsere Website verwendet Cookies. Weitere Informationen zu Cookies finden Sie in unserer <a href="https://farbel.it/de/cookie-policy-eu/">Cookie-Richtlinie</a>.&nbsp;</p><h2>3. Offenlegungspraktiken</h2><p><p>Wir geben personenbezogene Daten weiter, wenn wir gesetzlich oder durch einen Gerichtsbeschluss dazu verpflichtet sind, als Reaktion auf eine Strafverfolgungsbehörde, soweit dies nach anderen gesetzlichen Bestimmungen zulässig ist, um Informationen bereitzustellen oder für eine Untersuchung in einer Angelegenheit im Zusammenhang mit der öffentlichen Sicherheit.</p><p>Wenn unsere Website oder Organisation übernommen, verkauft oder an einer Fusion oder Übernahme beteiligt wird, werden Ihre Daten möglicherweise an unsere Berater und potenzielle Käufer weitergegeben und an die neuen Eigentümer weitergegeben.</p></p><p>Wir haben mit Google einen Vertrag zur Datenverarbeitung abgeschlossen.</p><p>Google darf die Daten nicht für andere Google-Dienste nutzen.</p><p>Die Erfassung vollständiger IP-Adressen wird von uns blockiert.</p><h2>4. Sicherheit</h2><p>Wir sind der Sicherheit personenbezogener Daten verpflichtet. Wir ergreifen geeignete Sicherheitsmaßnahmen, um den Missbrauch und den unbefugten Zugriff auf personenbezogene Daten zu begrenzen. Dadurch wird sichergestellt, dass nur die erforderlichen Personen Zugriff auf Ihre Daten haben, der Zugriff auf die Daten geschützt ist und unsere Sicherheitsmaßnahmen regelmäßig überprüft werden.</p><h2>5. Websites Dritter</h2><p>Diese Datenschutzerklärung gilt nicht für Websites Dritter, die über Links auf unserer Website verlinkt sind. Wir können nicht garantieren, dass diese Dritten zuverlässig und sicher mit Ihren personenbezogenen Daten umgehen. Wir empfehlen Ihnen, die Datenschutzerklärungen dieser Websites zu lesen, bevor Sie diese Websites nutzen.</p><h2>6. Änderungen dieser Datenschutzerklärung</h2><p>Wir behalten uns das Recht vor, Änderungen an dieser Datenschutzerklärung vorzunehmen. Es wird empfohlen, diese Datenschutzerklärung regelmäßig einzusehen, um über etwaige Änderungen informiert zu sein. Darüber hinaus werden wir Sie, wo immer möglich, aktiv informieren.</p><h2>7. Zugriff auf und Änderung Ihrer Daten</h2><p>Wenn Sie Fragen haben oder wissen möchten, welche personenbezogenen Daten wir über Sie haben, kontaktieren Sie uns bitte. Sie können uns über die untenstehenden Informationen kontaktieren. Sie haben folgende Rechte:</p><ul>
                <li>Sie haben das Recht zu erfahren, warum Ihre personenbezogenen Daten benötigt werden, was mit ihnen geschieht und wie lange sie gespeichert werden.</li>
                <li>Auskunftsrecht: Sie haben das Recht auf Auskunft über Ihre uns bekannten personenbezogenen Daten.</li>
                <li>Recht auf Berichtigung: Sie haben jederzeit das Recht auf Ergänzung, Berichtigung, Löschung oder Sperrung Ihrer personenbezogenen Daten.</li>
                <li>Wenn Sie uns eine Einwilligung zur Verarbeitung Ihrer Daten erteilen, haben Sie das Recht, diese Einwilligung zu widerrufen und Ihre personenbezogenen Daten löschen zu lassen.</li>
                <li>Recht auf Übermittlung Ihrer Daten: Sie haben das Recht, alle Ihre personenbezogenen Daten vom Verantwortlichen anzufordern und diese vollständig an einen anderen Verantwortlichen zu übertragen.</li>
                <li>Widerspruchsrecht: Sie können der Verarbeitung Ihrer Daten widersprechen. Wir halten uns daran, es sei denn, es liegen berechtigte Gründe für die Verarbeitung vor.</li>
            </ul><p>Bitte geben Sie stets klar an, wer Sie sind, damit wir sicher sein können, dass wir keine Daten der falschen Person verändern oder löschen.</p><h2>8. Einreichen einer Beschwerde</h2><p>Wenn Sie mit der Art und Weise, wie wir mit der Verarbeitung Ihrer personenbezogenen Daten umgehen (eine Beschwerde darüber) nicht zufrieden sind, haben Sie das Recht, eine Beschwerde bei der Datenschutzbehörde einzureichen.</p><h2>9. Kontaktdaten</h2><p>Belotti srl<br />
        Via Consulare 41<br />
25030 Erbusco (BS)<br />
        Italien<br />
        Webseite: <a href="https://farbel.it/de">https://farbel.it/de</a> <br />
        Email: i&#110;fo&#064;&#102;ar&#098;el&#046;&#099;o&#109; <br />
        </p></div>
